{"id":11860,"date":"2018-12-24T15:43:02","date_gmt":"2018-12-24T15:43:02","guid":{"rendered":"https:\/\/czechrailwaytickets.com\/?post_type=product&#038;p=11860"},"modified":"2025-12-13T15:07:37","modified_gmt":"2025-12-13T15:07:37","slug":"prague-to-dresden-train-first-class-flexible","status":"publish","type":"product","link":"https:\/\/czechrailwaytickets.com\/index.php\/product\/prague-to-dresden-train-first-class-flexible\/","title":{"rendered":"Prague to Dresden Train &#8211; First Class Flexible"},"content":{"rendered":"<ul>\n<li>Journey time: 2 hours 20 minutes<\/li>\n<li>Direct train, no changes<\/li>\n<li>Price includes allocated seating<\/li>\n<li>Flexible departure time<\/li>\n<li>Only valid for the date booked<\/li>\n<li>Email delivery of ticket within one business day<\/li>\n<li>E-Ticket. Print at home or show on your device<\/li>\n<li>Lead Passenger must present the ticket on board together with matching ID<\/li>\n<li>Carrier: \u010cesk\u00e9 dr\u00e1hy, a.s.<\/li>\n<\/ul>\n","protected":false},"excerpt":{"rendered":"<p><strong><span style=\"color: #ff0000;\">Convenient eTicket &#8211; show on your device or print at home<\/span><\/strong><\/p>\n<div class=\"wp-container-1 wp-block-buttons\">\n<div class=\"wp-block-button has-custom-font-size has-normal-font-size\"><a class=\"wp-block-button__link has-white-color has-black-background-color has-text-color has-background\" style=\"border-radius: 0px;\" href=\"#booking-form\">Booking Form<\/a><\/div>\n<p>&nbsp;<\/p>\n<h2>Book your Prague to Dresden train tickets right here<\/h2>\n<p>EuroCity trains transport you comfortably from city centre to city centre in just over two hours. There is a departure every two hours throughout the day and every ticket we sell is direct, without changes or stopovers. Enjoy spectactular views of &#8220;Czech Switzerland&#8221; and &#8220;Saxon Switzerland&#8221; as the train follows the route of the River Elbe into Germany.<\/p>\n<p>Our service is based on 100% e-ticketing, so you will not need to wait weeks for postal delivery of tickets, queue for a ticket machine or stand in line at the station ticket office. You can breeze directly onto the train!<\/p>\n<p>On board we have you covered with reserved seating at no extra cost so you can be assured of sitting together.\u00a0You can add up to five passengers to one ticket. If there are more than five people are travelling, just split them across two or more tickets or contact us about <a href=\"https:\/\/czechrailwaytickets.com\/index.php\/group-travel\/\">group travel<\/a>.<\/p>\n<p>Every carriage is air-conditioned and has 230 volt power sockets for your personal electronics. There is also a restaurant car serving drinks, snacks and hot food and a trolley service that delivers direct to your seat.<\/p>\n<p>Our first class tickets add wider seats and extra legroom, plus while travelling within the Czech Republic, free WiFi, bottled water and a daily newspaper.<\/p>\n<p>If you want to book further ahead register your details <a href=\"https:\/\/czechrailwaytickets.com\/index.php\/future-booking\/\" target=\"_blank\" rel=\"noopener noreferrer\">here<\/a> for our free ticket alert service.<\/p>\n<h2 id=\"booking-form\">Booking Form<\/h2>\n<p>Enter the number of passengers, choose a departure\/arrival time from the drop down menu and then click the required date in the calendar. Check the total cost and then click &#8216;Book now&#8217;.<\/p>\n","protected":false},"featured_media":100,"template":"","meta":[],"product_brand":[],"product_cat":[35,47,19,34],"product_tag":[60,59,57,56,55,128,58,54],"class_list":{"0":"post-11860","1":"product","2":"type-product","3":"status-publish","4":"has-post-thumbnail","6":"product_cat-dresden","7":"product_cat-germany","8":"product_cat-prague","9":"product_cat-prague-dresden","10":"product_tag-ec170-carl-maria-von-weber","11":"product_tag-ec172-hungaria","12":"product_tag-ec174-robert-schumann","13":"product_tag-ec176-johannes-brahms","14":"product_tag-ec178-alois-negrelli","15":"product_tag-ec258-kopernikus","16":"product_tag-ec378-porta-bohemica","17":"product_tag-eurocity","18":"product_shipping_class-eticket","20":"first","21":"instock","22":"sold-individually","23":"shipping-taxable","24":"purchasable","25":"product-type-booking"},"booking_location":"","booking_location_type":"","booking_duration":1,"booking_duration_unit":"day","booking_buffer":0,"booking_cost":0,"booking_resources":[11583,11584,11585,11586,11587,11588,11589,45299,87473],"exclude_global_add_ons":[],"addons":[],"yoast_head":"<!-- This site is optimized with the Yoast SEO plugin v27.3 - https:\/\/yoast.com\/product\/yoast-seo-wordpress\/ -->\n<title>Prague to Dresden Train - First Class Flexible Tickets Online - \u00a399.99 - Prague Trains<\/title>\n<meta name=\"description\" content=\"Book online today. Fully e-ticketed with allocated seats and a personalised covering note. Only the fastest, most direct route. Easy!\" \/>\n<meta name=\"robots\" content=\"index, follow, max-snippet:-1, max-image-preview:large, max-video-preview:-1\" \/>\n<link rel=\"canonical\" href=\"https:\/\/czechrailwaytickets.com\/index.php\/product\/prague-to-dresden-train-first-class-flexible\/\" \/>\n<meta property=\"og:locale\" content=\"en_GB\" \/>\n<meta property=\"og:type\" content=\"article\" \/>\n<meta property=\"og:title\" content=\"Prague to Dresden Train - First Class Flexible Tickets Online - \u00a399.99 - Prague Trains\" \/>\n<meta property=\"og:description\" content=\"Book online today. Fully e-ticketed with allocated seats and a personalised covering note. Only the fastest, most direct route. Easy!\" \/>\n<meta property=\"og:url\" content=\"https:\/\/czechrailwaytickets.com\/index.php\/product\/prague-to-dresden-train-first-class-flexible\/\" \/>\n<meta property=\"og:site_name\" content=\"Prague Trains\" \/>\n<meta property=\"article:publisher\" content=\"https:\/\/www.facebook.com\/praguetrainsltd\/\" \/>\n<meta property=\"article:modified_time\" content=\"2025-12-13T15:07:37+00:00\" \/>\n<meta property=\"og:image\" content=\"https:\/\/czechrailwaytickets.com\/wp-content\/uploads\/2017\/11\/shutterstock_3355064.jpg\" \/>\n\t<meta property=\"og:image:width\" content=\"1000\" \/>\n\t<meta property=\"og:image:height\" content=\"667\" \/>\n\t<meta property=\"og:image:type\" content=\"image\/jpeg\" \/>\n<meta name=\"twitter:card\" content=\"summary_large_image\" \/>\n<meta name=\"twitter:label1\" content=\"Estimated reading time\" \/>\n\t<meta name=\"twitter:data1\" content=\"1 minute\" \/>\n<script type=\"application\/ld+json\" class=\"yoast-schema-graph\">{\"@context\":\"https:\\\/\\\/schema.org\",\"@graph\":[{\"@type\":\"WebPage\",\"@id\":\"https:\\\/\\\/czechrailwaytickets.com\\\/index.php\\\/product\\\/prague-to-dresden-train-first-class-flexible\\\/\",\"url\":\"https:\\\/\\\/czechrailwaytickets.com\\\/index.php\\\/product\\\/prague-to-dresden-train-first-class-flexible\\\/\",\"name\":\"Prague to Dresden Train - First Class Flexible Tickets Online - \u00a399.99 - Prague Trains\",\"isPartOf\":{\"@id\":\"https:\\\/\\\/czechrailwaytickets.com\\\/#website\"},\"primaryImageOfPage\":{\"@id\":\"https:\\\/\\\/czechrailwaytickets.com\\\/index.php\\\/product\\\/prague-to-dresden-train-first-class-flexible\\\/#primaryimage\"},\"image\":{\"@id\":\"https:\\\/\\\/czechrailwaytickets.com\\\/index.php\\\/product\\\/prague-to-dresden-train-first-class-flexible\\\/#primaryimage\"},\"thumbnailUrl\":\"https:\\\/\\\/czechrailwaytickets.com\\\/wp-content\\\/uploads\\\/2017\\\/11\\\/shutterstock_3355064.jpg\",\"datePublished\":\"2018-12-24T15:43:02+00:00\",\"dateModified\":\"2025-12-13T15:07:37+00:00\",\"description\":\"Book online today. Fully e-ticketed with allocated seats and a personalised covering note. Only the fastest, most direct route. Easy!\",\"breadcrumb\":{\"@id\":\"https:\\\/\\\/czechrailwaytickets.com\\\/index.php\\\/product\\\/prague-to-dresden-train-first-class-flexible\\\/#breadcrumb\"},\"inLanguage\":\"en-GB\",\"potentialAction\":[{\"@type\":\"ReadAction\",\"target\":[\"https:\\\/\\\/czechrailwaytickets.com\\\/index.php\\\/product\\\/prague-to-dresden-train-first-class-flexible\\\/\"]}]},{\"@type\":\"ImageObject\",\"inLanguage\":\"en-GB\",\"@id\":\"https:\\\/\\\/czechrailwaytickets.com\\\/index.php\\\/product\\\/prague-to-dresden-train-first-class-flexible\\\/#primaryimage\",\"url\":\"https:\\\/\\\/czechrailwaytickets.com\\\/wp-content\\\/uploads\\\/2017\\\/11\\\/shutterstock_3355064.jpg\",\"contentUrl\":\"https:\\\/\\\/czechrailwaytickets.com\\\/wp-content\\\/uploads\\\/2017\\\/11\\\/shutterstock_3355064.jpg\",\"width\":1000,\"height\":667,\"caption\":\"Zwinger, Dresden, Germany\"},{\"@type\":\"BreadcrumbList\",\"@id\":\"https:\\\/\\\/czechrailwaytickets.com\\\/index.php\\\/product\\\/prague-to-dresden-train-first-class-flexible\\\/#breadcrumb\",\"itemListElement\":[{\"@type\":\"ListItem\",\"position\":1,\"name\":\"Home\",\"item\":\"https:\\\/\\\/czechrailwaytickets.com\\\/\"},{\"@type\":\"ListItem\",\"position\":2,\"name\":\"Book Now\",\"item\":\"https:\\\/\\\/czechrailwaytickets.com\\\/\"},{\"@type\":\"ListItem\",\"position\":3,\"name\":\"Prague to Dresden Train &#8211; First Class Flexible\"}]},{\"@type\":\"WebSite\",\"@id\":\"https:\\\/\\\/czechrailwaytickets.com\\\/#website\",\"url\":\"https:\\\/\\\/czechrailwaytickets.com\\\/\",\"name\":\"Prague Trains\",\"description\":\"Czech Train Tickets Online\",\"publisher\":{\"@id\":\"https:\\\/\\\/czechrailwaytickets.com\\\/#organization\"},\"potentialAction\":[{\"@type\":\"SearchAction\",\"target\":{\"@type\":\"EntryPoint\",\"urlTemplate\":\"https:\\\/\\\/czechrailwaytickets.com\\\/?s={search_term_string}\"},\"query-input\":{\"@type\":\"PropertyValueSpecification\",\"valueRequired\":true,\"valueName\":\"search_term_string\"}}],\"inLanguage\":\"en-GB\"},{\"@type\":\"Organization\",\"@id\":\"https:\\\/\\\/czechrailwaytickets.com\\\/#organization\",\"name\":\"Prague Trains\",\"url\":\"https:\\\/\\\/czechrailwaytickets.com\\\/\",\"logo\":{\"@type\":\"ImageObject\",\"inLanguage\":\"en-GB\",\"@id\":\"https:\\\/\\\/czechrailwaytickets.com\\\/#\\\/schema\\\/logo\\\/image\\\/\",\"url\":\"https:\\\/\\\/czechrailwaytickets.com\\\/wp-content\\\/uploads\\\/2017\\\/12\\\/Prague-Trains-Logo.png\",\"contentUrl\":\"https:\\\/\\\/czechrailwaytickets.com\\\/wp-content\\\/uploads\\\/2017\\\/12\\\/Prague-Trains-Logo.png\",\"width\":429,\"height\":101,\"caption\":\"Prague Trains\"},\"image\":{\"@id\":\"https:\\\/\\\/czechrailwaytickets.com\\\/#\\\/schema\\\/logo\\\/image\\\/\"},\"sameAs\":[\"https:\\\/\\\/www.facebook.com\\\/praguetrainsltd\\\/\"]}]}<\/script>\n<!-- \/ Yoast SEO plugin. -->","yoast_head_json":{"title":"Prague to Dresden Train - First Class Flexible Tickets Online - \u00a399.99 - Prague Trains","description":"Book online today. Fully e-ticketed with allocated seats and a personalised covering note. Only the fastest, most direct route. Easy!","robots":{"index":"index","follow":"follow","max-snippet":"max-snippet:-1","max-image-preview":"max-image-preview:large","max-video-preview":"max-video-preview:-1"},"canonical":"https:\/\/czechrailwaytickets.com\/index.php\/product\/prague-to-dresden-train-first-class-flexible\/","og_locale":"en_GB","og_type":"article","og_title":"Prague to Dresden Train - First Class Flexible Tickets Online - \u00a399.99 - Prague Trains","og_description":"Book online today. Fully e-ticketed with allocated seats and a personalised covering note. Only the fastest, most direct route. Easy!","og_url":"https:\/\/czechrailwaytickets.com\/index.php\/product\/prague-to-dresden-train-first-class-flexible\/","og_site_name":"Prague Trains","article_publisher":"https:\/\/www.facebook.com\/praguetrainsltd\/","article_modified_time":"2025-12-13T15:07:37+00:00","og_image":[{"width":1000,"height":667,"url":"https:\/\/czechrailwaytickets.com\/wp-content\/uploads\/2017\/11\/shutterstock_3355064.jpg","type":"image\/jpeg"}],"twitter_card":"summary_large_image","twitter_misc":{"Estimated reading time":"1 minute"},"schema":{"@context":"https:\/\/schema.org","@graph":[{"@type":"WebPage","@id":"https:\/\/czechrailwaytickets.com\/index.php\/product\/prague-to-dresden-train-first-class-flexible\/","url":"https:\/\/czechrailwaytickets.com\/index.php\/product\/prague-to-dresden-train-first-class-flexible\/","name":"Prague to Dresden Train - First Class Flexible Tickets Online - \u00a399.99 - Prague Trains","isPartOf":{"@id":"https:\/\/czechrailwaytickets.com\/#website"},"primaryImageOfPage":{"@id":"https:\/\/czechrailwaytickets.com\/index.php\/product\/prague-to-dresden-train-first-class-flexible\/#primaryimage"},"image":{"@id":"https:\/\/czechrailwaytickets.com\/index.php\/product\/prague-to-dresden-train-first-class-flexible\/#primaryimage"},"thumbnailUrl":"https:\/\/czechrailwaytickets.com\/wp-content\/uploads\/2017\/11\/shutterstock_3355064.jpg","datePublished":"2018-12-24T15:43:02+00:00","dateModified":"2025-12-13T15:07:37+00:00","description":"Book online today. Fully e-ticketed with allocated seats and a personalised covering note. Only the fastest, most direct route. Easy!","breadcrumb":{"@id":"https:\/\/czechrailwaytickets.com\/index.php\/product\/prague-to-dresden-train-first-class-flexible\/#breadcrumb"},"inLanguage":"en-GB","potentialAction":[{"@type":"ReadAction","target":["https:\/\/czechrailwaytickets.com\/index.php\/product\/prague-to-dresden-train-first-class-flexible\/"]}]},{"@type":"ImageObject","inLanguage":"en-GB","@id":"https:\/\/czechrailwaytickets.com\/index.php\/product\/prague-to-dresden-train-first-class-flexible\/#primaryimage","url":"https:\/\/czechrailwaytickets.com\/wp-content\/uploads\/2017\/11\/shutterstock_3355064.jpg","contentUrl":"https:\/\/czechrailwaytickets.com\/wp-content\/uploads\/2017\/11\/shutterstock_3355064.jpg","width":1000,"height":667,"caption":"Zwinger, Dresden, Germany"},{"@type":"BreadcrumbList","@id":"https:\/\/czechrailwaytickets.com\/index.php\/product\/prague-to-dresden-train-first-class-flexible\/#breadcrumb","itemListElement":[{"@type":"ListItem","position":1,"name":"Home","item":"https:\/\/czechrailwaytickets.com\/"},{"@type":"ListItem","position":2,"name":"Book Now","item":"https:\/\/czechrailwaytickets.com\/"},{"@type":"ListItem","position":3,"name":"Prague to Dresden Train &#8211; First Class Flexible"}]},{"@type":"WebSite","@id":"https:\/\/czechrailwaytickets.com\/#website","url":"https:\/\/czechrailwaytickets.com\/","name":"Prague Trains","description":"Czech Train Tickets Online","publisher":{"@id":"https:\/\/czechrailwaytickets.com\/#organization"},"potentialAction":[{"@type":"SearchAction","target":{"@type":"EntryPoint","urlTemplate":"https:\/\/czechrailwaytickets.com\/?s={search_term_string}"},"query-input":{"@type":"PropertyValueSpecification","valueRequired":true,"valueName":"search_term_string"}}],"inLanguage":"en-GB"},{"@type":"Organization","@id":"https:\/\/czechrailwaytickets.com\/#organization","name":"Prague Trains","url":"https:\/\/czechrailwaytickets.com\/","logo":{"@type":"ImageObject","inLanguage":"en-GB","@id":"https:\/\/czechrailwaytickets.com\/#\/schema\/logo\/image\/","url":"https:\/\/czechrailwaytickets.com\/wp-content\/uploads\/2017\/12\/Prague-Trains-Logo.png","contentUrl":"https:\/\/czechrailwaytickets.com\/wp-content\/uploads\/2017\/12\/Prague-Trains-Logo.png","width":429,"height":101,"caption":"Prague Trains"},"image":{"@id":"https:\/\/czechrailwaytickets.com\/#\/schema\/logo\/image\/"},"sameAs":["https:\/\/www.facebook.com\/praguetrainsltd\/"]}]}},"_links":{"self":[{"href":"https:\/\/czechrailwaytickets.com\/index.php\/wp-json\/wp\/v2\/product\/11860","targetHints":{"allow":["GET"]}}],"collection":[{"href":"https:\/\/czechrailwaytickets.com\/index.php\/wp-json\/wp\/v2\/product"}],"about":[{"href":"https:\/\/czechrailwaytickets.com\/index.php\/wp-json\/wp\/v2\/types\/product"}],"wp:featuredmedia":[{"embeddable":true,"href":"https:\/\/czechrailwaytickets.com\/index.php\/wp-json\/wp\/v2\/media\/100"}],"wp:attachment":[{"href":"https:\/\/czechrailwaytickets.com\/index.php\/wp-json\/wp\/v2\/media?parent=11860"}],"wp:term":[{"taxonomy":"product_brand","embeddable":true,"href":"https:\/\/czechrailwaytickets.com\/index.php\/wp-json\/wp\/v2\/product_brand?post=11860"},{"taxonomy":"product_cat","embeddable":true,"href":"https:\/\/czechrailwaytickets.com\/index.php\/wp-json\/wp\/v2\/product_cat?post=11860"},{"taxonomy":"product_tag","embeddable":true,"href":"https:\/\/czechrailwaytickets.com\/index.php\/wp-json\/wp\/v2\/product_tag?post=11860"}],"curies":[{"name":"wp","href":"https:\/\/api.w.org\/{rel}","templated":true}]}}